5))) + 5.
2
What is (6 - 1) + (0 + (9 - 12) - 7)?
-5
Calculate -11 + 2 - (6 - (25 - 16)).
-6
What is the value of (-13 - (-32 + -20)) + -21?
18
Evaluate -8 + 3 + 31 + -31 + 10.
5
Evaluate 2 + -21 + (52 - -13 - 75).
-29
Evaluate 0 + -5 + (-28 - 0 - -22).
-11
What is 8 + -27 + -7 - (-6 - -1) - -2?
-19
Calculate -13 + (11 - (-14 - (-48 + 7))).
-29
What is 2 + 3 + 1 - (-142 + 142)?
6
Calculate -1 + 3 + -1 - (-12 - (-3 + -2)).
8
What is (3 - 25) + -11 + 3 + -4 + 10?
-24
7 - (14 + 39 + -27)
-19
What is 20 + 31 + -26 + (5 - 11)?
19
What is 4 + (15 + -5 + 10 - 7)?
17
What is (1 + 0 + 3 - 6) + (-8 - -1)?
-9
Calculate (-182 - -154) + 29 + 2.
3
Evaluate -8 + 4 - (-7 + (-6 - -4)).
5
(15 - 13) + (-12 - 12)
-22
Calculate (2 - -17 - (0 - (-18 - -9))) + -37.
-27
-16 - -45 - 45 - -1
-15
0 + 5 - (6 + 2 - -7 - 30)
20
What is 13 - -33 - (6 + 32)?
8
Evaluate 10 + (22 - (-12 - -27)).
17
Evaluate 4 - 7 - ((2 - -4) + 2).
-11
Evaluate (11 - -10) + -31 - -34.
24
-26 + (10 - (1 - 2) - 2)
-17
-1 + -17 + (-10 - -4) + -72 + 60
-36
What is the value of -1 - 14 - (113 - 118)?
-10
7 - (-13 - (11 - 26)) - (0 + 25)
-20
What is the value of (32 - 58) + (-5 - (-14 + -3))?
-14
-1 - 8 - (-6 + 8 + (-5 - 2))
-4
Evaluate (39 - 15) + 0 + -2 + -5 + 13.
30
What is the value of -1 + -4 + ((6 - 18) + 7 - -10)?
0
Calculate 17 + 31 + -32 - 22.
-6
Evaluate (-23 + -45 - -55) + (42 - 0).
29
What is (1 - 21) + (1 - -1 - (-375 - -369))?
-12
Calculate -6 - -5 - (-8 + 15 - 19).
11
Calculate (64 - 59) + 3 + -3 + -5.
0
Evaluate (13 + -31 - 15) + 11.
-22
What is (-4 - 3) + -1 + (-2 - -13)?
3
Evaluate (-76 - -75) + -2 + -12 + -1.
-16
What is (-9 - (-10 - (0 + 0))) + 4?
5
What is the value of 48 + 17 + -34 + -72?
-41
2214 - 2234 - (20 - 1)
-39
Evaluate 8 + (-11 + 11 - 10) + 12.
10
-31 - -2 - (-5 - 26 - -21)
-19
(0 - 5) + 9 - (-3 - -3)
4
Evaluate 3 - (-10 + 14 + 8).
-9
Evaluate (7 - (18 + -5)) + (3 - -7).
4
What is the value of 20 - (6 + 22 + -19)?
11
Calculate 0 + (72 + -80 - (3 - (5 - 3))).
-9
-15 + -1 + 1 - (-2390 + 2369)
6
What is -3 - ((-32 - -16) + 14)?
-1
Calculate (5 - (6 - (-10 + 14))) + -4.
-1
Calculate (-2 - 6) + (3 - 7 - -7).
-5
Evaluate -1 + -1 - -2 - (-992 + 1000).
-8
Calculate (-9 - -5) + (14 + 15 - 20).
5
What is the value of (13 - 3) + 13 + -4 + -9?
10
Calculate (-1 - -1 - -6) + 37 + (-9 - 22).
12
What is the value of -9 - (46 - 43 - (-2 + 4 - -18))?
8
Evaluate 3 + 23 + -21 + -23 + 38.
20
-6 + 3 + (8 - (11 + -4) - 4)
-6
Calculate (-3 + (1 - -4) - 8) + 5.
-1
What is the value of -6 + (-22 - 4) + 6 + 3?
-23
Calculate 1 + -5 - (90 - 96).
2
What is 19 + (-10 - 2 - -4)?
11
What is the value of -12 - (-19 + 6) - 10 - 6?
-15
What is the value of 0 + -12 + (3 - -3) + 1 - -15?
10
Evaluate -5 + (12 + 3 - 8) - -8.
10
Calculate 40 + 1 + (8 - 39) + 24.
34
Evaluate (-515 - -503) + (16 - -1).
5
Evaluate 20 - -2 - (-17 + -21 + 46).
14
What is the value of -3 + -1 + 4 + -2 - (-1 - -6)?
-7
(24 - 2) + -1 + -2 + (22 - 17)
24
What is the value of -16 - -49 - 71 - -67?
29
What is (-2 + -15 - -9) + (4 - (-2 + 5))?
-7
Calculate (-7 - -3) + 3 + -5 + 5 + 1.
0
What is 10 - (-11 - (-3 - -10 - 44))?
-16
Calculate -29 + -6 + (29 - 6).
-12
(3 - (22 - 34)) + 1 + -2 + 1
15
-36 - (12 + -13 + -4 + 0)
-31
Calculate -3 + (12 - ((1 + 0 - 0) + 5)).
3
Evaluate -4 - (-2 + 0) - (12 + (12 - 31)).
5
What is the value of -2 + -7 + -10 + 4 + 6 + 10?
1
What is (2 + -1 - (-1 - -2)) + (2868 - 2874)?
-6
What is the value of 191 + -200 + (0 + 2 - 12)?
-19
-2 - (-9 + 5) - (1 + 11)
-10
What is the value of -51 - -43 - (-16 - (1 - -2))?
11
Calculate -2 - (-18 - (26 + -9)).
33
What is the value of -10 + (10 - (8 - 19))?
11
Evaluate -8 - -5 - (-3 - (6 + -4)) - -28.
30
Evaluate -55 + 57 - (7 - (-2 + 4)).
-3
Evaluate -21 - -18 - (4 - -3).
-10
Evaluate 2 + -21 + (7 - -4) + -1 - 21.
-30
(27 - (42 + -25)) + 11
21
What is (6 - 7) + (-9 - (-9 - -4)) - 20?
-25
What is the value of (20 - -36 - 30) + -41?
-15
What is the value of 45 - 13 - 59 - (1 + -6)?
-22
What is -35 + 30 + (-4 - -3 - (-21 + -1))?
16
Evaluate 19 + (2 - 26) + (2 - 7).
-10
Calculate (-139 + 147 - (-1 + 7)) + -11.
-9
What is -6 - (-1 + 1) - (-35 - 25 - -35)?
19
Evaluate -12 + (10 - 0) + -22.
-24
What is the value of 14 - ((4 - (-1 - -5)) + -1 + 7)?
8
What is -19 + (7 - (2 - 0)) + (2 - 11)?
-23
Calculate -15 + -4 + -33 + 46.
-6
What is (-24 - -42) + (-11 + 2 - 12)?
-3
Evaluate (-2 - 5) + -3 + 2 + 8 + 11.
11
25 - (-7 + (-8 + 0 + 12 - -6))
22
Evaluate 0 + 6 + 0 + -10 + 21 + -28.
-11
Evaluate (12 - -13) + -18 + 7 - 40.
-26
What is the value of 10 - (-2 - (-26 + 7 + 9))?
2
What is (-381 - -339) + 3 + 25?
-14
Evaluate 7 - (19 - 13) - 7.
-6
What is (5 - 1 - -1) + 2 + -16 + 1?
-8
What is (-1 - -6) + -39 + 71 + -43?
-6
What is -4 - (-14 + 8) - (-2 + 15) - 0?
-11
Evaluate 6 - (0 - -2 - 2 - (-2 - -2)).
6
(0 - 2) + 22 - (2 - (-11 - -6))
13
Evaluate 13 - (8 - (-3 + 4) - (28 - 25)).
9
3 + 6 + -12 - (17 + 2 - 24)
2
What is the value of -21 - ((-37 - -35) + 1 + 3) - -6?
-17
1 + -5 - (20 - 12 - 8) - -6
2
What is the value of -21 + 6 + -11 + -8 + 19?
-15
(-2 - 8 - -3) + -6
-13
36 + 36 - 41 - 12
19
Evaluate (1 + -2 + 3 - 4) + (-3 - 0).
-5
What is -23 - -19 - (-3 - (-1 - (-23 + 3)))?
18
4 - (-17 + 17 + 6 + 5)
-7
Evaluate (24 - 24) + (-1 - (0 + -5) - 7).
-3
What is the value of -22 - (-13 + 0 + 6)?
-15
Evaluate 14 + -2 - (14 - (15 + -3)).
10
What is -25 + 43 + -55 + 56 + (1 - -1)?
21
Calculate 4 - (-1 + -9 - (37 + -11 + -23)).
17
Evaluate 5 + 0 + (3 - 3) + (10 - 3).
12
What is the value of 4 + -12 + 21 - 8?
5
What is the value of (2 - 7) + -12 + 35 + -17 + -12?
-11
What is 1 + (15 - 6) + 1 + -31 + 1?
-19
Calculate 3 - 0 - -1 - 5 - -4.
3
(-18 + 18 - (1 - -13)) + -3 + 9
-8
What is the value of 6 + 14 + (-6 - -4) + -24?
-6
What is (-1 - -10 - (10 - 5)) + -1?
3
What is -2 + (0 - -4) + (8 - 4) + 1?
7
Evaluate 25 - (7 + 7 - (0 + -5 - -8)).
14
Evaluate 6 - ((-13 - (-8 - -3)) + 14 + -1).
1
(3 + (-5 - 10) - -6) + (-7 - -4)
-9
What is the value of (362 - 349) + (2 - (18 + -1))?
-2
What is the value of 0 + 6 - 34 - -60?
32
(0 - -10) + 36 + -84 + 55
17
What is the value of 7 - (-3 - (-4 - 15 - 1))?
-10
Evaluate 2 + (5 - 16) - -6 - -3.
0
What is the value of -21 + (13 - (13 + -14))?
-7
43 + (6 - -1) + -30
20
What is the value of (1 - 8) + -5 + 6?
-6
What is (17 - (23 + -13) - 3) + 5?
9
Evaluate (20 - (2 + -3)) + 8 + 27 + -35.
21
What is 1 + -16 + 28 - 17?
-4
-22 - -19 - (6 + 15)
-24
What is -371 + 359 + (0 - -24) + 16?
28
Calculate 10 - (9 - 5) - 24.
-18
-15 - (-57 - (-35 + 4))
11
3 - (0 + -1) - (-10 - (-5 - -3))
12
-3 + (-12 - (14 - 24))
-5
What is the value of -7 + (-6 - (-6 - -10) - -17)?
0
What is 3 + -62 + (387 - 351)?
-23
(17 - (2 + -3 + 1)) + -19 + 20
18
What is (2 - (-16 + 10)) + -8 + -13?
-13
17 + -29 + 6 - (-1 + 3)
-8
Calculate 11 + (18 + 0 - (9 - 3)).
23
Calculate -2 - -5 - -9 - (-9 - (11 - 14)).
18
Calculate (1 - 1) + (10 - (-24 - -8 - -10)).
16
What is (30 - (2 + (8 - 3) - 10)) + 1?
34
What is 6 + (4 + 12 + (-14 - -7) - -4)?
19
What is the value of 0 + (-6 - (3 + -4) - 11)?
-16
What is -3 + (1 - -13) - ((8 - -17) + -19)?
5
What is the value of -21 + 14 - -17 - 6?
4
What is the value of (-12 - 5) + 22 + -3 + 17?
19
Evaluate (17 - 12) + (37 - 14) - (-1 + 8).
21
What is the value of -7 + (5 - (16 + 2 + 6 + -15))?
-11
What is (0 + 5 - 3) + -2 - (-5 + -8)?
13
What is the value of (13 - (4 + -10 + 12)) + 6?
13
What is -16 - -1 - -38 - (4 - -6 - 15)?
28
Evaluate (-4 - -1 - (12 + 8)) + 14 + -17.
-26
Calculate 1 - 14 - ((6 - -9) + -14).
-14
(2 - 0) + (9 - -12 - 11)
12
8 - (8 + (-29 - -10) - -9)
10
Evaluate 8 - (2 - -9 - -10).
-13
(-4 - -15) + (-7 - (5 + (-3 - 4)))
6
What is the value of (3 + 38 - 8) + -62?
-29
Calculate 19 + -13 + 16 - 14.
8
7 + (1 - (4 - -1 - 3) - 1)
5
What is -17 + -1 + (21 - (6 + -6))?
3
What is (-6 - 17) + (2 - -13)?
-8
What is -23 - (-29 - -14) - 18?
-26
Calculate -6 - (-19 + 21 + -16 + 4).
4
What is -2 - (-9 - -12) - (1 + 6 + -3)?
-9
(-2 - (-5 + 10)) + 7 + -7
-7
Calculate (9 - 1) + -4 - -2.
6
What is (-5 - 9) + 18 - 9?
-5
-14 - (-6 - 0) - (22 - 53)
23
What is -36 - -40 - (1 + 1) - (-6 + 15)?
-7
What is the value of -127 - -128 - (19 + (-6 - -7))?
-19
Calculate 4 + (3 + -1 - -5) + -31 + 0.
-20
Calculate -1 + (3 - (11 + -6)) - (13 - 5).
-11
What is the value of -5 + (-11 + 30 + -14 - -1)?
